{"id":2,"date":"2013-12-10T11:49:09","date_gmt":"2013-12-10T11:49:09","guid":{"rendered":"http:\/\/faroljornalismo.cc\/blog\/?page_id=2"},"modified":"2020-05-18T10:53:07","modified_gmt":"2020-05-18T12:53:07","slug":"quem-somos","status":"publish","type":"page","link":"http:\/\/faroljornalismo.cc\/blog\/quem-somos\/","title":{"rendered":"Quem faz o Farol Jornalismo"},"content":{"rendered":"<p><strong>Farol Jornalismo<br \/>\n<\/strong>O Farol Jornalismo \u00e9 uma iniciativa de pesquisa e produ\u00e7\u00e3o de novas formas de fazer jornalismo. Ele \u00e9 resultado da nossa inquieta\u00e7\u00e3o com as incertezas da profiss\u00e3o e uma maneira de ficar de olho nas mudan\u00e7as do mercado. Um espa\u00e7o de reflex\u00e3o sobre o que anda sendo discutido, no Brasil e no exterior, um ponto de refer\u00eancia para quem navega por esses mares fascinantes e trai\u00e7oeiros.<\/p>\n<p><strong>Marcela Donini\u00a0<\/strong>(marcela arroba faroljornalismo ponto cc)<br \/>\nJornalista com experi\u00eancia de mercado desde 2004, graduou-se pela Universidade Federal do Rio Grande do Sul (UFRGS). \u00c9 mestra em Comunica\u00e7\u00e3o Social e especialista em Jornalismo Digital, ambos pela PUCRS, e em Teorias e Pr\u00e1ticas do Ensino, pela ESPM-Sul, onde foi professora na faculdade de Jornalismo por cinco anos. Na institui\u00e7\u00e3o, tamb\u00e9m coordenou a Hub, ag\u00eancia experimental de comunica\u00e7\u00e3o. Trabalhou por sete anos no jornal Zero Hora, do Grupo RBS. De 2011 a 2016, passou pela Cartola \u2013 Ag\u00eancia de Conte\u00fado e pela Ag\u00eancia Fronteira, nas quais atuou como rep\u00f3rter e editora. Como freelancer, escreveu para as revistas Piau\u00ed, Superinteressante, Galileu e Donna, al\u00e9m dos portais Ig, Veja, Terra e RFI Brasil. Atualmente, \u00e9 editora-chefe da newsletter Matinal. <a href=\"http:\/\/www.linkedin.com\/in\/marceladonini\" target=\"_blank\" rel=\"noopener noreferrer\">LinkedIn<\/a> . <a href=\"http:\/\/lattes.cnpq.br\/2181498629959669\" target=\"_blank\" rel=\"noopener noreferrer\">Lattes<\/a><\/p>\n<p><strong>Moreno Os\u00f3rio <\/strong>(moreno arroba faroljornalismo ponto cc)<br \/>\nJornalista, professor de jornalismo e doutor em Comunica\u00e7\u00e3o. \u00c9 cofundador do Farol Jornalismo. Trabalhou durante oito anos no site de not\u00edcias Terra, onde passou pelas editorias de Brasil, Ci\u00eancia, Educa\u00e7\u00e3o e Mundo. \u00c9 formado pela Unisinos, possui especializa\u00e7\u00e3o em Cinema pela mesma universidade e mestrado em Comunica\u00e7\u00e3o Social pela PUC-RS. Em 2017, foi pesquisador visitante na University of Groningen, na Holanda. Em 2018, concluiu o doutorado em Comunica\u00e7\u00e3o Social na Unisinos, per\u00edodo em que foi bolsista produtividade do CNPq. Atualmente, \u00e9 professor de jornalismo na PUC-RS, onde leciona disciplinas relacionadas \u00e0 pr\u00e1tica do jornalismo digital e do jornalismo investigativo. <a href=\"http:\/\/twitter.com\/morenoosorio\" target=\"_blank\" rel=\"noopener noreferrer\">Twitter<\/a> . <a href=\"http:\/\/www.linkedin.com\/in\/morenoosorio\" target=\"_blank\" rel=\"noopener noreferrer\">LinkedIn<\/a>\u00a0. <a href=\"http:\/\/lattes.cnpq.br\/3809923828253103\" target=\"_blank\" rel=\"noopener noreferrer\">Lattes<\/a><\/p>\n<p><strong>L\u00edvia Vieira<\/strong> (livia arroba faroljornalismo ponto cc)<br \/>\nJornalista e professora adjunta na Faculdade de Comunica\u00e7\u00e3o da Universidade Federal da Bahia. Trabalhou como professora dos cursos de Jornalismo e Publicidade e Propaganda da Faculdade Ielusc, foi analista de conte\u00fado digital s\u00eanior na Petrobras, rep\u00f3rter no jornal Folha Dirigida e l\u00edder de Conte\u00fado Interativo na ag\u00eancia A2C. Tem gradua\u00e7\u00e3o em Comunica\u00e7\u00e3o Social\/ Jornalismo na Universidade Federal Fluminense (UFF), mestrado e doutorado em Jornalismo na Universidade Federal de Santa Catarina (UFSC). Em 2016\/2017 foi pesquisadora visitante na Birmingham City University, na Inglaterra. <a href=\"https:\/\/twitter.com\/_livia\">Twitter<\/a>. <a href=\"http:\/\/lattes.cnpq.br\/8185071238467060\">Lattes<\/a><\/p>\n","protected":false},"excerpt":{"rendered":"<p>Farol Jornalismo O Farol Jornalismo \u00e9 uma iniciativa de pesquisa e produ\u00e7\u00e3o de novas formas de fazer jornalismo. Ele \u00e9 resultado da nossa inquieta\u00e7\u00e3o com as incertezas da profiss\u00e3o e uma maneira de ficar de olho nas mudan\u00e7as do mercado. Um espa\u00e7o de reflex\u00e3o sobre o que anda sendo discutido, no Brasil e no exterior, [&hellip;]<\/p>\n","protected":false},"author":1,"featured_media":0,"parent":0,"menu_order":0,"comment_status":"open","ping_status":"open","template":"","meta":{"_mi_skip_tracking":false,"_exactmetrics_sitenote_active":false,"_exactmetrics_sitenote_note":"","_exactmetrics_sitenote_category":0,"footnotes":""},"_links":{"self":[{"href":"http:\/\/faroljornalismo.cc\/blog\/wp-json\/wp\/v2\/pages\/2"}],"collection":[{"href":"http:\/\/faroljornalismo.cc\/blog\/wp-json\/wp\/v2\/pages"}],"about":[{"href":"http:\/\/faroljornalismo.cc\/blog\/wp-json\/wp\/v2\/types\/page"}],"author":[{"embeddable":true,"href":"http:\/\/faroljornalismo.cc\/blog\/wp-json\/wp\/v2\/users\/1"}],"replies":[{"embeddable":true,"href":"http:\/\/faroljornalismo.cc\/blog\/wp-json\/wp\/v2\/comments?post=2"}],"version-history":[{"count":40,"href":"http:\/\/faroljornalismo.cc\/blog\/wp-json\/wp\/v2\/pages\/2\/revisions"}],"predecessor-version":[{"id":2813,"href":"http:\/\/faroljornalismo.cc\/blog\/wp-json\/wp\/v2\/pages\/2\/revisions\/2813"}],"wp:attachment":[{"href":"http:\/\/faroljornalismo.cc\/blog\/wp-json\/wp\/v2\/media?parent=2"}],"curies":[{"name":"wp","href":"https:\/\/api.w.org\/{rel}","templated":true}]}}