{"id":2821,"date":"2020-05-25T13:08:10","date_gmt":"2020-05-25T15:08:10","guid":{"rendered":"http:\/\/faroljornalismo.cc\/blog\/?page_id=2821"},"modified":"2020-05-25T13:36:46","modified_gmt":"2020-05-25T15:36:46","slug":"dialogos","status":"publish","type":"page","link":"http:\/\/faroljornalismo.cc\/blog\/dialogos\/","title":{"rendered":"O coronav\u00edrus e as mudan\u00e7as na pr\u00e1tica jornal\u00edstica: di\u00e1logos sobre a cobertura local na pandemia"},"content":{"rendered":"\n<div class=\"wp-block-image is-style-default\"><figure class=\"aligncenter size-large is-resized\"><img loading=\"lazy\" decoding=\"async\" src=\"http:\/\/faroljornalismo.cc\/blog\/wp-content\/uploads\/2020\/05\/a9d00c22-9bb4-474f-9cda-805ac4aa30f5.jpg\" alt=\"Card de divulga\u00e7\u00e3o do evento, que ter\u00e1 a participa\u00e7\u00e3o de Ela\u00edze Farias (Amaz\u00f4nia Real\/AM), Thays Lavor (Freelancer\/CE), Melissa Cannabrava (Voz das Comunidades\/RJ), Gabriela S\u00e1 Pessoa (UOL\/SP) e Hyury Potter (Freelancer\/SC), com media\u00e7\u00e3o de Marcela Donini (Grupo Matinal Jornalismo\/Farol Jornalismo) e Ta\u00eds Seibt (Afonte Jornalismo de Dados).\" class=\"wp-image-2822\" width=\"350\" height=\"350\" srcset=\"http:\/\/faroljornalismo.cc\/blog\/wp-content\/uploads\/2020\/05\/a9d00c22-9bb4-474f-9cda-805ac4aa30f5.jpg 944w, http:\/\/faroljornalismo.cc\/blog\/wp-content\/uploads\/2020\/05\/a9d00c22-9bb4-474f-9cda-805ac4aa30f5-300x300.jpg 300w, http:\/\/faroljornalismo.cc\/blog\/wp-content\/uploads\/2020\/05\/a9d00c22-9bb4-474f-9cda-805ac4aa30f5-150x150.jpg 150w, http:\/\/faroljornalismo.cc\/blog\/wp-content\/uploads\/2020\/05\/a9d00c22-9bb4-474f-9cda-805ac4aa30f5-768x768.jpg 768w\" sizes=\"(max-width: 350px) 100vw, 350px\" \/><\/figure><\/div>\n\n\n\n<div style=\"height:60px\" aria-hidden=\"true\" class=\"wp-block-spacer\"><\/div>\n\n\n\n<h2 class=\"has-text-align-center wp-block-heading\">INSCREVA-SE (vagas limitadas)<\/h2>\n\n\n\n<div style=\"height:60px\" aria-hidden=\"true\" class=\"wp-block-spacer\"><\/div>\n\n\n\n<iframe loading=\"lazy\" src=\"https:\/\/docs.google.com\/forms\/d\/e\/1FAIpQLScm9jr3gn1k_u2lunKgUXcCeCOOQUGntUepBHpzHxc4oewrHg\/viewform?embedded=true\" width=\"640\" height=\"1051\" frameborder=\"0\" marginheight=\"0\" marginwidth=\"0\">Carregando\u2026<\/iframe>\n","protected":false},"excerpt":{"rendered":"<p>INSCREVA-SE (vagas limitadas) Carregando\u2026<\/p>\n","protected":false},"author":1,"featured_media":2822,"parent":0,"menu_order":0,"comment_status":"closed","ping_status":"closed","template":"","meta":{"_mi_skip_tracking":false,"_exactmetrics_sitenote_active":false,"_exactmetrics_sitenote_note":"","_exactmetrics_sitenote_category":0,"footnotes":""},"_links":{"self":[{"href":"http:\/\/faroljornalismo.cc\/blog\/wp-json\/wp\/v2\/pages\/2821"}],"collection":[{"href":"http:\/\/faroljornalismo.cc\/blog\/wp-json\/wp\/v2\/pages"}],"about":[{"href":"http:\/\/faroljornalismo.cc\/blog\/wp-json\/wp\/v2\/types\/page"}],"author":[{"embeddable":true,"href":"http:\/\/faroljornalismo.cc\/blog\/wp-json\/wp\/v2\/users\/1"}],"replies":[{"embeddable":true,"href":"http:\/\/faroljornalismo.cc\/blog\/wp-json\/wp\/v2\/comments?post=2821"}],"version-history":[{"count":9,"href":"http:\/\/faroljornalismo.cc\/blog\/wp-json\/wp\/v2\/pages\/2821\/revisions"}],"predecessor-version":[{"id":2831,"href":"http:\/\/faroljornalismo.cc\/blog\/wp-json\/wp\/v2\/pages\/2821\/revisions\/2831"}],"wp:featuredmedia":[{"embeddable":true,"href":"http:\/\/faroljornalismo.cc\/blog\/wp-json\/wp\/v2\/media\/2822"}],"wp:attachment":[{"href":"http:\/\/faroljornalismo.cc\/blog\/wp-json\/wp\/v2\/media?parent=2821"}],"curies":[{"name":"wp","href":"https:\/\/api.w.org\/{rel}","templated":true}]}}